{"id":13,"date":"2013-03-01T17:44:29","date_gmt":"2013-03-01T16:44:29","guid":{"rendered":"http:\/\/cobayesdelazinsel.fr\/wordpress\/?page_id=13"},"modified":"2026-03-18T10:35:15","modified_gmt":"2026-03-18T09:35:15","slug":"accueil","status":"publish","type":"page","link":"https:\/\/cobayesdelazinsel.fr\/","title":{"rendered":"Accueil"},"content":{"rendered":"<h1><strong data-start=\"165\" data-end=\"248\">Bienvenue sur mon site d\u00e9di\u00e9 \u00e0 l&#8217;\u00e9levage d&#8217;Us-Teddies de pure race depuis 2004.<\/strong><\/h1>\n<p style=\"text-align: justify;\"><a href=\"http:\/\/cobayesdelazinsel.fr\/wp-content\/uploads\/2017\/02\/virgule.jpg\"><img loading=\"lazy\" decoding=\"async\" class=\"alignleft size-thumbnail wp-image-3320\" src=\"http:\/\/cobayesdelazinsel.fr\/wp-content\/uploads\/2017\/02\/virgule-150x150.jpg\" alt=\"\" width=\"150\" height=\"150\" srcset=\"https:\/\/cobayesdelazinsel.fr\/wp-content\/uploads\/2017\/02\/virgule-150x150.jpg 150w, https:\/\/cobayesdelazinsel.fr\/wp-content\/uploads\/2017\/02\/virgule-300x300.jpg 300w, https:\/\/cobayesdelazinsel.fr\/wp-content\/uploads\/2017\/02\/virgule-768x768.jpg 768w, https:\/\/cobayesdelazinsel.fr\/wp-content\/uploads\/2017\/02\/virgule-1024x1024.jpg 1024w, https:\/\/cobayesdelazinsel.fr\/wp-content\/uploads\/2017\/02\/virgule-60x60.jpg 60w, https:\/\/cobayesdelazinsel.fr\/wp-content\/uploads\/2017\/02\/virgule.jpg 1424w\" sizes=\"auto, (max-width: 150px) 100vw, 150px\" \/><\/a><\/p>\n<p data-start=\"211\" data-end=\"675\">Depuis plus de 20 ans, ma passion pour l&#8217;Us-Teddy, une race de cochon d&#8217;Inde exceptionnelle, m\u2019a conduit \u00e0 m\u2019investir pleinement dans cet \u00e9levage. Cette race unique, \u00e0 l\u2019apparence d\u2019un ourson en peluche et au caract\u00e8re particuli\u00e8rement doux et affectueux, m\u2019a s\u00e9duite d\u00e8s le premier regard. Mon objectif est d\u2019am\u00e9liorer constamment la qualit\u00e9 de la race, en veillant \u00e0 ce que mes animaux soient en parfaite sant\u00e9 et \u00e9lev\u00e9s dans les meilleures conditions possibles.<\/p>\n<p data-start=\"677\" data-end=\"1290\">Mon \u00e9levage est avant tout une passion, et non une activit\u00e9 lucrative. Chaque reproduction est r\u00e9alis\u00e9e dans le respect des standards de la race, en mettant l&#8217;accent sur le bien-\u00eatre de mes Us-Teddies et sur l&#8217;am\u00e9lioration de leur sant\u00e9. Tous mes reproducteurs proviennent des meilleurs \u00e9levages, principalement en Allemagne, o\u00f9 l&#8217;Us-Teddy est respect\u00e9 pour sa puret\u00e9 g\u00e9n\u00e9tique. Contrairement \u00e0 la France, o\u00f9 il est parfois confondu avec le Rex, je certifie que mes Us-Teddies sont de v\u00e9ritables sp\u00e9cimens d&#8217;origine am\u00e9ricaine, totalement distincts des Rex, tant par leurs g\u00e8nes que par la texture de leur pelage.<\/p>\n<p data-start=\"1292\" data-end=\"1516\">Mes Us-Teddies vivent dans un environnement naturel, spacieux et verdoyant, o\u00f9 chaque animal b\u00e9n\u00e9ficie d\u2019un cadre de vie id\u00e9al pour son \u00e9panouissement. Vous pourrez d\u00e9couvrir ces installations dans la section d\u00e9di\u00e9e du site.<\/p>\n<p data-start=\"1518\" data-end=\"1726\">Je vous invite \u00e0 d\u00e9couvrir mon \u00e9levage, situ\u00e9 en pleine campagne dans le nord de l&#8217;Alsace, et \u00e0 en apprendre davantage sur ma d\u00e9marche passionn\u00e9e, d\u00e9di\u00e9e au bien-\u00eatre et \u00e0 la pr\u00e9servation de cette belle race.<\/p>\n<p data-start=\"1269\" data-end=\"1453\">Vous recherchez un cochon d&#8217;Inde ? Vous pouvez voir mes cochons d&#8217;inde disponibles sur la page <a href=\"https:\/\/cobayesdelazinsel.fr\/index.php\/adoptions\/\">Adoptions<\/a>.<\/p>\n<p data-start=\"1269\" data-end=\"1453\">Si vous h\u00e9sitez encore sur le choix de son habitat, que vous avez des doutes sur l&#8217;alimentation de votre cochon d&#8217;Inde, et des questions sur son bien \u00eatre, je vous invite \u00e0 lire ma petite <a href=\"https:\/\/cobayesdelazinsel.fr\/index.php\/informations\/\">rubrique informative<\/a>. Ces conseils font partie de mon exp\u00e9rience et ne sont pas exhaustifs.<\/p>\n<p>Madeline<\/p>\n<p>&nbsp;<\/p>\n<p><a href=\"https:\/\/cobayesdelazinsel.fr\/index.php\/adoptions\/\"><img loading=\"lazy\" decoding=\"async\" class=\"alignleft size-large wp-image-8343\" src=\"https:\/\/cobayesdelazinsel.fr\/wp-content\/uploads\/2025\/04\/adoption-1024x726.png\" alt=\"\" width=\"648\" height=\"459\" srcset=\"https:\/\/cobayesdelazinsel.fr\/wp-content\/uploads\/2025\/04\/adoption-1024x726.png 1024w, https:\/\/cobayesdelazinsel.fr\/wp-content\/uploads\/2025\/04\/adoption-300x213.png 300w, https:\/\/cobayesdelazinsel.fr\/wp-content\/uploads\/2025\/04\/adoption-768x545.png 768w, https:\/\/cobayesdelazinsel.fr\/wp-content\/uploads\/2025\/04\/adoption-1536x1089.png 1536w, https:\/\/cobayesdelazinsel.fr\/wp-content\/uploads\/2025\/04\/adoption.png 1780w\" sizes=\"auto, (max-width: 648px) 100vw, 648px\" \/><\/a><\/p>\n<p>&nbsp;<\/p>\n<p>&nbsp;<\/p>\n<p>&nbsp;<\/p>\n<p>&nbsp;<\/p>\n<p>&nbsp;<\/p>\n<p>&nbsp;<\/p>\n<p>&nbsp;<\/p>\n<p>&nbsp;<\/p>\n<p>&nbsp;<\/p>\n<p>&nbsp;<\/p>\n<p>&nbsp;<\/p>\n<p>&nbsp;<\/p>\n<p>&nbsp;<\/p>\n<p>&nbsp;<\/p>\n<p>&nbsp;<\/p>\n<p><span style=\"color: #ff0000;\"><strong>Attention<\/strong> <\/span>:<strong> je n&#8217;ai pas re\u00e7u les mails depuis fin f\u00e9vrier\/d\u00e9but mars \u00e0 cause d&#8217;un pb technique&#8230; Si vous n&#8217;avez pas eu de r\u00e9ponse de ma part c&#8217;est normal et j&#8217;en suis navr\u00e9e. Le probl\u00e8me a \u00e9t\u00e9 r\u00e9solu vous pouvez \u00e0 nouveau \u00e9crire par mail ou par le formulaire ci dessous \ud83d\ude09<\/strong><\/p>\n<h2>Me contacter<\/h2>\n<div class=\"wpforms-container wpforms-container-full wpforms-render-modern\" id=\"wpforms-8346\"><form id=\"wpforms-form-8346\" class=\"wpforms-validate wpforms-form wpforms-ajax-form\" data-formid=\"8346\" method=\"post\" enctype=\"multipart\/form-data\" action=\"\/index.php\/wp-json\/wp\/v2\/pages\/13\" data-token=\"8beaa74f91253f5163aece6da2a9d65a\" data-token-time=\"1778065614\"><noscript class=\"wpforms-error-noscript\">Please enable JavaScript in your browser to complete this form.<\/noscript><div class=\"wpforms-hidden\" id=\"wpforms-error-noscript\">Please enable JavaScript in your browser to complete this form.<\/div><div class=\"wpforms-field-container\"><div id=\"wpforms-8346-field_1-container\" class=\"wpforms-field wpforms-field-name\" data-field-id=\"1\"><fieldset><legend class=\"wpforms-field-label\">Nom <span class=\"wpforms-required-label\" aria-hidden=\"true\">*<\/span><\/legend><div class=\"wpforms-field-row wpforms-field-medium\"><div class=\"wpforms-field-row-block wpforms-first wpforms-one-half\"><input type=\"text\" id=\"wpforms-8346-field_1\" class=\"wpforms-field-name-first wpforms-field-required\" name=\"wpforms[fields][1][first]\" aria-errormessage=\"wpforms-8346-field_1-error\" required><label for=\"wpforms-8346-field_1\" class=\"wpforms-field-sublabel after\">First<\/label><\/div><div class=\"wpforms-field-row-block wpforms-one-half\"><input type=\"text\" id=\"wpforms-8346-field_1-last\" class=\"wpforms-field-name-last wpforms-field-required\" name=\"wpforms[fields][1][last]\" aria-errormessage=\"wpforms-8346-field_1-last-error\" required><label for=\"wpforms-8346-field_1-last\" class=\"wpforms-field-sublabel after\">Last<\/label><\/div><\/div><\/fieldset><\/div><div id=\"wpforms-8346-field_2-container\" class=\"wpforms-field wpforms-field-email\" data-field-id=\"2\"><label class=\"wpforms-field-label\" for=\"wpforms-8346-field_2\">E-mail <span class=\"wpforms-required-label\" aria-hidden=\"true\">*<\/span><\/label><input type=\"email\" id=\"wpforms-8346-field_2\" class=\"wpforms-field-medium wpforms-field-required\" name=\"wpforms[fields][2]\" spellcheck=\"false\" aria-errormessage=\"wpforms-8346-field_2-error\" required><\/div><div id=\"wpforms-8346-field_3-container\" class=\"wpforms-field wpforms-field-textarea\" data-field-id=\"3\"><label class=\"wpforms-field-label\" for=\"wpforms-8346-field_3\">Commentaire ou message<\/label><textarea id=\"wpforms-8346-field_3\" class=\"wpforms-field-medium\" name=\"wpforms[fields][3]\" aria-errormessage=\"wpforms-8346-field_3-error\" ><\/textarea><\/div><\/div><!-- .wpforms-field-container --><div class=\"wpforms-submit-container\" ><input type=\"hidden\" name=\"wpforms[id]\" value=\"8346\"><input type=\"hidden\" name=\"page_title\" value=\"\"><input type=\"hidden\" name=\"page_url\" value=\"https:\/\/cobayesdelazinsel.fr\/index.php\/wp-json\/wp\/v2\/pages\/13\"><input type=\"hidden\" name=\"url_referer\" value=\"\"><button type=\"submit\" name=\"wpforms[submit]\" id=\"wpforms-submit-8346\" class=\"wpforms-submit\" data-alt-text=\"Envoi...\" data-submit-text=\"Envoyer\" aria-live=\"assertive\" value=\"wpforms-submit\">Envoyer<\/button><img loading=\"lazy\" decoding=\"async\" src=\"https:\/\/cobayesdelazinsel.fr\/wp-content\/plugins\/wpforms-lite\/assets\/images\/submit-spin.svg\" class=\"wpforms-submit-spinner\" style=\"display: none;\" width=\"26\" height=\"26\" alt=\"Loading\"><\/div><\/form><\/div>  <!-- .wpforms-container -->\n<p>&nbsp;<\/p>\n<p>&nbsp;<\/p>\n<h3><a href=\"http:\/\/leschonsdemeraude.fr\/\">Elevage partenaire dans le 57 : Les Chons d&#8217;Emeraude<\/a><\/h3>\n<p><a href=\"http:\/\/www.leschonsdemeraude.fr\"><img loading=\"lazy\" decoding=\"async\" class=\"alignleft size-full wp-image-4768\" src=\"http:\/\/cobayesdelazinsel.fr\/wp-content\/uploads\/2013\/03\/emeraude.jpg\" alt=\"\" width=\"550\" height=\"121\" srcset=\"https:\/\/cobayesdelazinsel.fr\/wp-content\/uploads\/2013\/03\/emeraude.jpg 550w, https:\/\/cobayesdelazinsel.fr\/wp-content\/uploads\/2013\/03\/emeraude-300x66.jpg 300w\" sizes=\"auto, (max-width: 550px) 100vw, 550px\" \/><\/a><\/p>\n<p>&nbsp;<\/p>\n<p>&nbsp;<\/p>\n<p>&nbsp;<\/p>\n<p>&nbsp;<\/p>\n<p>&nbsp;<\/p>\n<p style=\"text-align: center;\"><a href=\"http:\/\/cobayesdelazinsel.fr\/wp-content\/uploads\/2013\/03\/icesortm-champion-europeen.jpg\"><img loading=\"lazy\" decoding=\"async\" class=\"aligncenter wp-image-3426\" src=\"http:\/\/cobayesdelazinsel.fr\/wp-content\/uploads\/2013\/03\/icesortm-champion-europeen-1024x1018.jpg\" width=\"480\" height=\"477\" srcset=\"https:\/\/cobayesdelazinsel.fr\/wp-content\/uploads\/2013\/03\/icesortm-champion-europeen-1024x1018.jpg 1024w, https:\/\/cobayesdelazinsel.fr\/wp-content\/uploads\/2013\/03\/icesortm-champion-europeen-150x150.jpg 150w, https:\/\/cobayesdelazinsel.fr\/wp-content\/uploads\/2013\/03\/icesortm-champion-europeen-300x298.jpg 300w, https:\/\/cobayesdelazinsel.fr\/wp-content\/uploads\/2013\/03\/icesortm-champion-europeen-768x763.jpg 768w, https:\/\/cobayesdelazinsel.fr\/wp-content\/uploads\/2013\/03\/icesortm-champion-europeen-60x60.jpg 60w\" sizes=\"auto, (max-width: 480px) 100vw, 480px\" \/><\/a><\/p>\n<p><span style=\"border-radius: 2px; text-indent: 20px; width: auto; padding: 0px 4px 0px 0px; text-align: center; font: bold 11px\/20px 'Helvetica Neue',Helvetica,sans-serif; color: #ffffff; background: #bd081c no-repeat scroll 3px 50% \/ 14px 14px; position: absolute; opacity: 1; z-index: 8675309; display: none; cursor: pointer; top: 654px; left: 476px;\">Enregistrer<\/span><\/p>\n<p><span style=\"border-radius: 2px; text-indent: 20px; width: auto; padding: 0px 4px 0px 0px; text-align: center; font: bold 11px\/20px 'Helvetica Neue',Helvetica,sans-serif; color: #ffffff; background: #bd081c no-repeat scroll 3px 50% \/ 14px 14px; position: absolute; opacity: 1; z-index: 8675309; display: none; cursor: pointer;\">Enregistrer<\/span><\/p>\n<p><span style=\"border-radius: 2px; text-indent: 20px; width: auto; padding: 0px 4px 0px 0px; text-align: center; font: bold 11px\/20px 'Helvetica Neue',Helvetica,sans-serif; color: #ffffff; background: #bd081c no-repeat scroll 3px 50% \/ 14px 14px; position: absolute; opacity: 1; z-index: 8675309; display: none; cursor: pointer; top: 559px; left: 476px;\">Enregistrer<\/span><\/p>\n<p><span style=\"border-radius: 2px; text-indent: 20px; width: auto; padding: 0px 4px 0px 0px; text-align: center; font: bold 11px\/20px 'Helvetica Neue',Helvetica,sans-serif; color: #ffffff; background: #bd081c no-repeat scroll 3px 50% \/ 14px 14px; position: absolute; opacity: 1; z-index: 8675309; display: none; cursor: pointer; top: 119px; left: 20px;\">Enregistrer<\/span><\/p>\n<p><span style=\"border-radius: 2px; text-indent: 20px; width: auto; padding: 0px 4px 0px 0px; text-align: center; font: bold 11px\/20px 'Helvetica Neue',Helvetica,sans-serif; color: #ffffff; background: #bd081c no-repeat scroll 3px 50% \/ 14px 14px; position: absolute; opacity: 1; z-index: 8675309; display: none; cursor: pointer; top: 1156px; left: 600px;\">Enregistrer<\/span><\/p>\n<p><span style=\"border-radius: 2px; text-indent: 20px; width: auto; padding: 0px 4px 0px 0px; text-align: center; font: bold 11px\/20px 'Helvetica Neue',Helvetica,sans-serif; color: #ffffff; background: #bd081c no-repeat scroll 3px 50% \/ 14px 14px; position: absolute; opacity: 1; z-index: 8675309; display: none; cursor: pointer;\">Enregistrer<\/span><\/p>\n<p><span style=\"border-radius: 2px; text-indent: 20px; width: auto; padding: 0px 4px 0px 0px; text-align: center; font: bold 11px\/20px 'Helvetica Neue',Helvetica,sans-serif; color: #ffffff; background: #bd081c no-repeat scroll 3px 50% \/ 14px 14px; position: absolute; opacity: 1; z-index: 8675309; display: none; cursor: pointer;\">Enregistrer<\/span><\/p>\n<p><span style=\"border-radius: 2px; text-indent: 20px; width: auto; padding: 0px 4px 0px 0px; text-align: center; font: bold 11px\/20px 'Helvetica Neue',Helvetica,sans-serif; color: #ffffff; background: #bd081c no-repeat scroll 3px 50% \/ 14px 14px; position: absolute; opacity: 1; z-index: 8675309; display: none; cursor: pointer;\">Enregistrer<\/span><\/p>\n<p><span style=\"border-radius: 2px; text-indent: 20px; width: auto; padding: 0px 4px 0px 0px; text-align: center; font: bold 11px\/20px 'Helvetica Neue',Helvetica,sans-serif; color: #ffffff; background: #bd081c no-repeat scroll 3px 50% \/ 14px 14px; position: absolute; opacity: 1; z-index: 8675309; display: none; cursor: pointer;\">Enregistrer<\/span><\/p>\n<p><span style=\"border-radius: 2px; text-indent: 20px; width: auto; padding: 0px 4px 0px 0px; text-align: center; font: bold 11px\/20px 'Helvetica Neue',Helvetica,sans-serif; color: #ffffff; background: #bd081c no-repeat scroll 3px 50% \/ 14px 14px; position: absolute; opacity: 1; z-index: 8675309; display: none; cursor: pointer;\">Enregistrer<\/span><\/p>\n<p><span style=\"border-radius: 2px; text-indent: 20px; width: auto; padding: 0px 4px 0px 0px; text-align: center; font: bold 11px\/20px 'Helvetica Neue',Helvetica,sans-serif; color: #ffffff; background: #bd081c no-repeat scroll 3px 50% \/ 14px 14px; position: absolute; opacity: 1; z-index: 8675309; display: none; cursor: pointer;\">Enregistrer<\/span><\/p>\n<p><span style=\"border-radius: 2px; text-indent: 20px; width: auto; padding: 0px 4px 0px 0px; text-align: center; font: bold 11px\/20px 'Helvetica Neue',Helvetica,sans-serif; color: #ffffff; background: #bd081c no-repeat scroll 3px 50% \/ 14px 14px; position: absolute; opacity: 1; z-index: 8675309; display: none; cursor: pointer;\">Enregistrer<\/span><\/p>\n<p><span style=\"border-radius: 2px; text-indent: 20px; width: auto; padding: 0px 4px 0px 0px; text-align: center; font: bold 11px\/20px 'Helvetica Neue',Helvetica,sans-serif; color: #ffffff; background: #bd081c no-repeat scroll 3px 50% \/ 14px 14px; position: absolute; opacity: 1; z-index: 8675309; display: none; cursor: pointer;\">Enregistrer<\/span><\/p>\n<p><span style=\"border-radius: 2px; text-indent: 20px; width: auto; padding: 0px 4px 0px 0px; text-align: center; font: bold 11px\/20px 'Helvetica Neue',Helvetica,sans-serif; color: #ffffff; background: #bd081c no-repeat scroll 3px 50% \/ 14px 14px; position: absolute; opacity: 1; z-index: 8675309; display: none; cursor: pointer; top: 535px; left: 470px;\">Enregistrer<\/span><\/p>\n","protected":false},"excerpt":{"rendered":"<p>Bienvenue sur mon site d\u00e9di\u00e9 \u00e0 l&#8217;\u00e9levage d&#8217;Us-Teddies de pure race depuis 2004. Depuis plus de 20 ans, ma passion pour l&#8217;Us-Teddy, une race de cochon d&#8217;Inde exceptionnelle, m\u2019a conduit \u00e0 m\u2019investir pleinement dans cet \u00e9levage. Cette race unique, \u00e0 l\u2019apparence d\u2019un ourson en peluche et au caract\u00e8re particuli\u00e8rement doux et affectueux, m\u2019a s\u00e9duite d\u00e8s [&hellip;]<\/p>\n","protected":false},"author":1,"featured_media":0,"parent":0,"menu_order":0,"comment_status":"closed","ping_status":"closed","template":"","meta":{"footnotes":""},"class_list":["post-13","page","type-page","status-publish","hentry"],"_links":{"self":[{"href":"https:\/\/cobayesdelazinsel.fr\/index.php\/wp-json\/wp\/v2\/pages\/13","targetHints":{"allow":["GET"]}}],"collection":[{"href":"https:\/\/cobayesdelazinsel.fr\/index.php\/wp-json\/wp\/v2\/pages"}],"about":[{"href":"https:\/\/cobayesdelazinsel.fr\/index.php\/wp-json\/wp\/v2\/types\/page"}],"author":[{"embeddable":true,"href":"https:\/\/cobayesdelazinsel.fr\/index.php\/wp-json\/wp\/v2\/users\/1"}],"replies":[{"embeddable":true,"href":"https:\/\/cobayesdelazinsel.fr\/index.php\/wp-json\/wp\/v2\/comments?post=13"}],"version-history":[{"count":309,"href":"https:\/\/cobayesdelazinsel.fr\/index.php\/wp-json\/wp\/v2\/pages\/13\/revisions"}],"predecessor-version":[{"id":8597,"href":"https:\/\/cobayesdelazinsel.fr\/index.php\/wp-json\/wp\/v2\/pages\/13\/revisions\/8597"}],"wp:attachment":[{"href":"https:\/\/cobayesdelazinsel.fr\/index.php\/wp-json\/wp\/v2\/media?parent=13"}],"curies":[{"name":"wp","href":"https:\/\/api.w.org\/{rel}","templated":true}]}}