{"id":58,"date":"2013-03-01T17:57:55","date_gmt":"2013-03-01T16:57:55","guid":{"rendered":"http:\/\/cobayesdelazinsel.fr\/wordpress\/?page_id=58"},"modified":"2020-01-22T19:49:45","modified_gmt":"2020-01-22T18:49:45","slug":"naissances","status":"publish","type":"page","link":"https:\/\/cobayesdelazinsel.fr\/index.php\/elevage-2\/naissances\/","title":{"rendered":"Naissances"},"content":{"rendered":"<p>Mes femelles font en moyenne 1 \u00e0 2 port\u00e9es par an. Je privil\u00e9gie la qualit\u00e9 \u00e0 la quantit\u00e9 !<\/p>\n<p>Le fait d&#8217;avoir un beau groupe de reproducteurs me permet d&#8217;avoir des petits r\u00e9guli\u00e8rement, sans que cela nuise \u00e0 la bonne sant\u00e9 et au confort de mes animaux.<\/p>\n<p>Les femelles ne sont mise en reproduction que sous certaines conditions (\u00e2ge, poids minimum requis, parfait \u00e9tat de sant\u00e9, conformit\u00e9 au standard de la race).<\/p>\n<p>&nbsp;<\/p>\n<p>&nbsp;<\/p>\n<p><a href=\"http:\/\/cobayesdelazinsel.fr\/wp-content\/uploads\/2013\/03\/IMG_3323.jpg\"><img loading=\"lazy\" decoding=\"async\" class=\"size-large wp-image-3984 aligncenter\" src=\"http:\/\/cobayesdelazinsel.fr\/wp-content\/uploads\/2013\/03\/IMG_3323-1024x541.jpg\" alt=\"\" width=\"648\" height=\"342\" srcset=\"https:\/\/cobayesdelazinsel.fr\/wp-content\/uploads\/2013\/03\/IMG_3323-1024x541.jpg 1024w, https:\/\/cobayesdelazinsel.fr\/wp-content\/uploads\/2013\/03\/IMG_3323-300x158.jpg 300w, https:\/\/cobayesdelazinsel.fr\/wp-content\/uploads\/2013\/03\/IMG_3323-768x406.jpg 768w\" sizes=\"auto, (max-width: 648px) 100vw, 648px\" \/><\/a><\/p>\n<p style=\"text-align: center;\"><em>Billy de la Zinsel x Felindra de la Zinsel<\/em><\/p>\n<p style=\"text-align: center;\"><a href=\"http:\/\/cobayesdelazinsel.fr\/wp-content\/uploads\/2013\/03\/IMG_3327.jpg\"><img loading=\"lazy\" decoding=\"async\" class=\"size-large wp-image-3985 aligncenter\" src=\"http:\/\/cobayesdelazinsel.fr\/wp-content\/uploads\/2013\/03\/IMG_3327-1024x768.jpg\" alt=\"\" width=\"648\" height=\"486\" srcset=\"https:\/\/cobayesdelazinsel.fr\/wp-content\/uploads\/2013\/03\/IMG_3327-1024x768.jpg 1024w, https:\/\/cobayesdelazinsel.fr\/wp-content\/uploads\/2013\/03\/IMG_3327-300x225.jpg 300w, https:\/\/cobayesdelazinsel.fr\/wp-content\/uploads\/2013\/03\/IMG_3327-768x576.jpg 768w\" sizes=\"auto, (max-width: 648px) 100vw, 648px\" \/><\/a><\/p>\n<p style=\"text-align: center;\">Frozen de la Zinsel x Ice Girl de la Zinsel<\/p>\n<p style=\"text-align: center;\"><a href=\"http:\/\/cobayesdelazinsel.fr\/wp-content\/uploads\/2013\/03\/IMG_3331.jpg\"><img loading=\"lazy\" decoding=\"async\" class=\"size-large wp-image-3986 aligncenter\" src=\"http:\/\/cobayesdelazinsel.fr\/wp-content\/uploads\/2013\/03\/IMG_3331-1024x512.jpg\" alt=\"\" width=\"648\" height=\"324\" srcset=\"https:\/\/cobayesdelazinsel.fr\/wp-content\/uploads\/2013\/03\/IMG_3331-1024x512.jpg 1024w, https:\/\/cobayesdelazinsel.fr\/wp-content\/uploads\/2013\/03\/IMG_3331-300x150.jpg 300w, https:\/\/cobayesdelazinsel.fr\/wp-content\/uploads\/2013\/03\/IMG_3331-768x384.jpg 768w\" sizes=\"auto, (max-width: 648px) 100vw, 648px\" \/><\/a><\/p>\n<p style=\"text-align: center;\">Angelo de la Zinsel x Raya de la Zinsel<\/p>\n<p style=\"text-align: center;\"><a href=\"http:\/\/cobayesdelazinsel.fr\/wp-content\/uploads\/2013\/03\/IMG_3353.jpg\"><img loading=\"lazy\" decoding=\"async\" class=\"size-large wp-image-3987 aligncenter\" src=\"http:\/\/cobayesdelazinsel.fr\/wp-content\/uploads\/2013\/03\/IMG_3353-1024x768.jpg\" alt=\"\" width=\"648\" height=\"486\" srcset=\"https:\/\/cobayesdelazinsel.fr\/wp-content\/uploads\/2013\/03\/IMG_3353-1024x768.jpg 1024w, https:\/\/cobayesdelazinsel.fr\/wp-content\/uploads\/2013\/03\/IMG_3353-300x225.jpg 300w, https:\/\/cobayesdelazinsel.fr\/wp-content\/uploads\/2013\/03\/IMG_3353-768x576.jpg 768w\" sizes=\"auto, (max-width: 648px) 100vw, 648px\" \/><\/a><\/p>\n<p style=\"text-align: center;\">Atlas de la Zinsel x &#8230; de la Zinsel<\/p>\n<p style=\"text-align: center;\"><a href=\"http:\/\/cobayesdelazinsel.fr\/wp-content\/uploads\/2013\/03\/IMG_3357.jpg\"><img loading=\"lazy\" decoding=\"async\" class=\"size-large wp-image-3988 aligncenter\" src=\"http:\/\/cobayesdelazinsel.fr\/wp-content\/uploads\/2013\/03\/IMG_3357-1024x477.jpg\" alt=\"\" width=\"648\" height=\"302\" srcset=\"https:\/\/cobayesdelazinsel.fr\/wp-content\/uploads\/2013\/03\/IMG_3357-1024x477.jpg 1024w, https:\/\/cobayesdelazinsel.fr\/wp-content\/uploads\/2013\/03\/IMG_3357-300x140.jpg 300w, https:\/\/cobayesdelazinsel.fr\/wp-content\/uploads\/2013\/03\/IMG_3357-768x358.jpg 768w\" sizes=\"auto, (max-width: 648px) 100vw, 648px\" \/><\/a><\/p>\n<p style=\"text-align: center;\">Lila Valentino Bear de la Zinsel x Purple Bielka de la Zinsel (qui par cette chaleur a jou\u00e9 avec la pipette de l&#8217;abreuvoir automatique&#8230;hihi)<\/p>\n<p style=\"text-align: center;\"><a href=\"http:\/\/cobayesdelazinsel.fr\/wp-content\/uploads\/2013\/03\/IMG_3373.jpg\"><img loading=\"lazy\" decoding=\"async\" class=\"size-large wp-image-3989 aligncenter\" src=\"http:\/\/cobayesdelazinsel.fr\/wp-content\/uploads\/2013\/03\/IMG_3373-1024x768.jpg\" alt=\"\" width=\"648\" height=\"486\" srcset=\"https:\/\/cobayesdelazinsel.fr\/wp-content\/uploads\/2013\/03\/IMG_3373-1024x768.jpg 1024w, https:\/\/cobayesdelazinsel.fr\/wp-content\/uploads\/2013\/03\/IMG_3373-300x225.jpg 300w, https:\/\/cobayesdelazinsel.fr\/wp-content\/uploads\/2013\/03\/IMG_3373-768x576.jpg 768w\" sizes=\"auto, (max-width: 648px) 100vw, 648px\" \/><\/a><\/p>\n<p style=\"text-align: center;\">Frozen de la Zinsel x &#8230; de la Zinsel<\/p>\n<p style=\"text-align: center;\"><a href=\"http:\/\/cobayesdelazinsel.fr\/wp-content\/uploads\/2013\/03\/IMG_3380.jpg\"><img loading=\"lazy\" decoding=\"async\" class=\"size-large wp-image-3990 aligncenter\" src=\"http:\/\/cobayesdelazinsel.fr\/wp-content\/uploads\/2013\/03\/IMG_3380-1024x696.jpg\" alt=\"\" width=\"648\" height=\"440\" srcset=\"https:\/\/cobayesdelazinsel.fr\/wp-content\/uploads\/2013\/03\/IMG_3380-1024x696.jpg 1024w, https:\/\/cobayesdelazinsel.fr\/wp-content\/uploads\/2013\/03\/IMG_3380-300x204.jpg 300w, https:\/\/cobayesdelazinsel.fr\/wp-content\/uploads\/2013\/03\/IMG_3380-768x522.jpg 768w\" sizes=\"auto, (max-width: 648px) 100vw, 648px\" \/><\/a><\/p>\n<p style=\"text-align: center;\">Atlas x Purple Mala\u00efka<\/p>\n<p style=\"text-align: center;\"><a href=\"http:\/\/cobayesdelazinsel.fr\/wp-content\/uploads\/2013\/03\/IMG_3393.jpg\"><img loading=\"lazy\" decoding=\"async\" class=\"size-large wp-image-3991 aligncenter\" src=\"http:\/\/cobayesdelazinsel.fr\/wp-content\/uploads\/2013\/03\/IMG_3393-1024x532.jpg\" alt=\"\" width=\"648\" height=\"337\" srcset=\"https:\/\/cobayesdelazinsel.fr\/wp-content\/uploads\/2013\/03\/IMG_3393-1024x532.jpg 1024w, https:\/\/cobayesdelazinsel.fr\/wp-content\/uploads\/2013\/03\/IMG_3393-300x156.jpg 300w, https:\/\/cobayesdelazinsel.fr\/wp-content\/uploads\/2013\/03\/IMG_3393-768x399.jpg 768w\" sizes=\"auto, (max-width: 648px) 100vw, 648px\" \/><\/a><\/p>\n<p style=\"text-align: center;\">Mowgli de la Zinsel x &#8230; de la Zinsel<\/p>\n<p>&nbsp;<\/p>\n<p>&nbsp;<\/p>\n<p>&nbsp;<\/p>\n<p>&nbsp;<\/p>\n<p>&nbsp;<\/p>\n<p>&nbsp;<\/p>\n<p>&nbsp;<\/p>\n<p>&nbsp;<\/p>\n<p><span style=\"border-radius: 2px; text-indent: 20px; width: auto; padding: 0px 4px 0px 0px; text-align: center; font: bold 11px\/20px 'Helvetica Neue',Helvetica,sans-serif; color: #ffffff; background: #bd081c no-repeat scroll 3px 50% \/ 14px 14px; position: absolute; opacity: 1; z-index: 8675309; display: none; cursor: pointer; top: 228px; left: 418px;\">Enregistrer<\/span><\/p>\n<p><span style=\"border-radius: 2px; text-indent: 20px; width: auto; padding: 0px 4px 0px 0px; text-align: center; font: bold 11px\/20px 'Helvetica Neue',Helvetica,sans-serif; color: #ffffff; background: #bd081c no-repeat scroll 3px 50% \/ 14px 14px; position: absolute; opacity: 1; z-index: 8675309; display: none; cursor: pointer; top: 1220px; left: 418px;\">Enregistrer<\/span><\/p>\n<p><span style=\"border-radius: 2px; text-indent: 20px; width: auto; padding: 0px 4px 0px 0px; text-align: center; font: bold 11px\/20px 'Helvetica Neue',Helvetica,sans-serif; color: #ffffff; background: #bd081c no-repeat scroll 3px 50% \/ 14px 14px; position: absolute; opacity: 1; z-index: 8675309; display: none; cursor: pointer; top: 620px; left: 418px;\">Enregistrer<\/span><\/p>\n","protected":false},"excerpt":{"rendered":"<p>Mes femelles font en moyenne 1 \u00e0 2 port\u00e9es par an. Je privil\u00e9gie la qualit\u00e9 \u00e0 la quantit\u00e9 ! Le fait d&#8217;avoir un beau groupe de reproducteurs me permet d&#8217;avoir des petits r\u00e9guli\u00e8rement, sans que cela nuise \u00e0 la bonne sant\u00e9 et au confort de mes animaux. Les femelles ne sont mise en reproduction que [&hellip;]<\/p>\n","protected":false},"author":1,"featured_media":0,"parent":56,"menu_order":0,"comment_status":"closed","ping_status":"closed","template":"","meta":{"footnotes":""},"class_list":["post-58","page","type-page","status-publish","hentry"],"_links":{"self":[{"href":"https:\/\/cobayesdelazinsel.fr\/index.php\/wp-json\/wp\/v2\/pages\/58","targetHints":{"allow":["GET"]}}],"collection":[{"href":"https:\/\/cobayesdelazinsel.fr\/index.php\/wp-json\/wp\/v2\/pages"}],"about":[{"href":"https:\/\/cobayesdelazinsel.fr\/index.php\/wp-json\/wp\/v2\/types\/page"}],"author":[{"embeddable":true,"href":"https:\/\/cobayesdelazinsel.fr\/index.php\/wp-json\/wp\/v2\/users\/1"}],"replies":[{"embeddable":true,"href":"https:\/\/cobayesdelazinsel.fr\/index.php\/wp-json\/wp\/v2\/comments?post=58"}],"version-history":[{"count":6,"href":"https:\/\/cobayesdelazinsel.fr\/index.php\/wp-json\/wp\/v2\/pages\/58\/revisions"}],"predecessor-version":[{"id":6293,"href":"https:\/\/cobayesdelazinsel.fr\/index.php\/wp-json\/wp\/v2\/pages\/58\/revisions\/6293"}],"up":[{"embeddable":true,"href":"https:\/\/cobayesdelazinsel.fr\/index.php\/wp-json\/wp\/v2\/pages\/56"}],"wp:attachment":[{"href":"https:\/\/cobayesdelazinsel.fr\/index.php\/wp-json\/wp\/v2\/media?parent=58"}],"curies":[{"name":"wp","href":"https:\/\/api.w.org\/{rel}","templated":true}]}}